ate 291 + 15 + -329 - ((1 - 0) + -104).
80
Calculate 22 + -18 + (45 - -5) + 4 + (0 - -2).
60
What is the value of -70 + -9 + 37 - -9?
-33
What is the value of 2 + (-2 + 2 - 1 - (134 - 122))?
-11
What is the value of 1 + 55 + 21 + (15 - 48) + 28?
72
Calculate (25 - 0) + 1574 + -1559 + -1 + (-17 - 2).
20
3 - 15 - ((0 - 41) + (-12 - -10))
31
What is -73 - -89 - -54 - 180?
-110
What is -13 + 2 + (2 - 40) + (1 - -4) + 13?
-31
-45 - 62 - (2 - 85)
-24
Evaluate 6 + 29 - (16 + 2 - ((20 - 4) + -10)).
23
What is (20 + -1 - (1339 + -1315)) + (-69 - 1)?
-75
Calculate 45 + (27 - (21 - 14 - -16)).
49
What is the value of (1809 - 1820) + -2 + 2 + 21 + -5 + 136?
141
(-51 - 11) + 103 + -68
-27
Calculate -141 + (58 - -101 - 54).
-36
What is the value of 10 + -4 + (-5 - -6) + 3 - 42?
-32
(-26 - (-106 + 34)) + 7
53
What is the value of 13 - ((-6 - 2) + 1 + 15)?
5
What is the value of -36 + (31 - (60 - 79))?
14
What is -57 - (-43 + 2) - (2 - (0 + 70))?
52
Calculate -100 - (42 - (50 + 123)).
31
What is -7 + (7 - 6 - -12) - 21?
-15
-1 + 2 + -535 + 571 + (5 - 2)
40
What is the value of -5 + 12 - (-6 + 0 - ((10 - 11) + -121))?
-109
-77 + (-60 + 101 - -26)
-10
What is the value of -41 - (-42 - (21 + -7)) - (15 - 1)?
1
Calculate (3 - 19) + -15 + (15 - 11).
-27
122 + -121 + -2 + -56
-57
Calculate 9 - (-2 - 68 - ((-14 - -6) + 11 - -9)).
91
Calculate -225 + (33 - (-66 + -11)).
-115
Calculate 62 - (27 + -51) - 9.
77
What is 50 + (0 - (-2 - 1 - -10 - 17 - -14))?
46
Evaluate (51 - 107) + 30 - -14.
-12
What is the value of -31 + 21 + -4 + 29 + (-88 - (9 - 3))?
-79
What is 370 - 459 - (-2 - 53)?
-34
What is (1 - (-1 - -1)) + 57 - (100471 + -100475)?
62
Calculate -17 + -3 + (-81 - -179 - 97).
-19
What is the value of -5 + -6 + 1 - (5 + (-13 - (-7 + 7)))?
-2
(-222 - -174) + -8 + (0 + 1 + -3 - -1)
-57
What is (32 - (-1 - -9)) + -22?
2
15 - (22 - 12) - (-12 + -9 + 18)
8
What is (-57 - -82 - (13 - 6)) + -23 + -2?
-7
-3 + 91 - ((8 - 30) + 49)
61
What is -73 + (84 - -54) + -113?
-48
5 + (-5 - -4) + 594 + -505
93
(86 + (-24 - -5) - 21) + 2 + 15
63
Evaluate -7 - (19 + 1 + -10 + 8 + -7).
-18
-94 + (60 - 29) - -10
-53
0 + -1 + -36 - (6 - (350 - 325))
-18
Evaluate -12 + ((25 - 5) + -10 - 44).
-46
What is (-1 + -1 - -1) + -25 + 25 + -1 + -35?
-37
Evaluate -1 + 83 + -17 + (26 - -1) + 11 + 7.
110
What is the value of -26 + -4 - (-120 - (-11 - 25))?
54
-14 - ((1 + -67 - 1) + 47 + -47)
53
Evaluate -11 - 35 - -64 - 44.
-26
What is -1 + -30 + 38 - -44?
51
Calculate -390 + 413 + 0 + -16 - 49.
-42
-63 + 219 + -135 - (0 - -15)
6
What is the value of 1 + -23 + 37 + 27 - -3?
45
Evaluate -42 - 1 - (-41 + 119 + -93).
-28
Evaluate (22 - (-13 + 14 + 24)) + 10.
7
Calculate -55 + -3 + 0 - ((12 - -29 - 24) + -12).
-63
-6 + (6 - 3) + (-12 - -2) + 1
-12
Calculate 57 - 54 - 48 - -53.
8
-18 + 27 + (-153 - (-11 - (-1 + -8) - -6))
-148
What is the value of -16 + 2 + (-715 - -739)?
10
Evaluate (-46 - -46) + (-5 - -11 - 5) + -9.
-8
What is the value of 5 - (-15 + 11 - (-44 + 25 + -3))?
-13
Evaluate -9 + -20 + 25 - (2 + 54).
-60
(110 - 12) + 824 + -882
40
Evaluate (-54 - (-67 - -114)) + 46.
-55
Calculate 9 + (5 - (18 - 21) - -25).
42
What is 3 + -5 - (18 - 10) - (-4 + -70 - 3)?
67
What is the value of 42 - (6 - (-5 - 1) - (-38 - -49))?
41
What is (20 - 16 - (0 + 16)) + -37 + 39?
-10
Evaluate -9 - (3 - -6) - (77 - 91).
-4
Calculate -1 + 8 + 129 + -117 + -1 + -16.
2
22 + (16 - 14) + (9 - 18) + -9 + 3
9
What is the value of -14 - 42 - -63 - -51?
58
Calculate -32 - (129 + -129) - (-1 + 34).
-65
What is -24 - (-83 + (-20 - (21 + -14 + -22)))?
64
What is 5 + -93 + (55 + -72 - -48)?
-57
Calculate 1 - 92 - (-14779 - -14792).
-104
What is -141 + (98 - -148 - 112)?
-7
What is -1 + 1 + -32 + (0 - 11) + 32?
-11
What is 94 + (-77 + 24 + -3 - -25)?
63
Evaluate 44 + (-48 - (-23 - 0)) + -44 + 1.
-24
-346 + 335 + (-26 + -2 - -6)
-33
What is the value of (0 - (-2 - -3)) + 4 - (70 - (-7 - -30))?
-44
36 - (4 + 49 - 18)
1
0 - ((40 - 7 - 98) + (-2 - 1))
68
What is the value of -50 + (-2 - (-18 - -18))?
-52
What is the value of 2456 + -2594 + (35 - (-2 + 2))?
-103
(9 - (33 + -10)) + (-230 - -172)
-72
Evaluate 21 + 9 - 37 - (2 - 2).
-7
Evaluate -10 + 9 - (-2 + 16 - -3).
-18
What is (-9 + (2 - 4) - -14) + 12 - 3?
12
Calculate (-9 - (-30 + 27 - (11 - -1))) + 2.
8
Calculate -20 + (-1 + 5 + 7 + 167 - 16).
142
-1 + 12 + (64 - ((1 - 13) + 37))
50
What is the value of -71 + (85 - (-50 + 118))?
-54
Calculate 93 - 14 - 141 - -148.
86
What is -39 - (36 - (43 - 28) - 83)?
23
Calculate -6 + (0 + -2 + 0 - (5 + 34)).
-47
1 + (155 - 0) + (102295 - 102343)
108
Evaluate (-46 - (10 + -17)) + -740 + 825.
46
Evaluate (6 - 53 - (-7 + 16) - (-4 + 7)) + -4.
-63
Evaluate -20 - (-10 - (11 - (3 - 11))) - (-21 + 1).
29
Evaluate 11 + (33 - (17 - (-22 + 22))).
27
(-18 - 0) + -8 + 5 + 18 + -19
-22
What is (-2 - (-1 + 2)) + (25 + 5 - 0) + -33?
-6
48 - (17 + -40 + 87)
-16
Calculate 0 + 32 + (-63 - (-36 + -3)).
8
Calculate 64 - (-13 + -10 + 63).
24
Evaluate -4 + 19 + 7 + -20 - (-74 - -2).
74
25 + 2 + -407 + 332 + -16
-64
Calculate 3 - -20 - ((-2 - 5) + -1 + -2).
33
-12 + (7 - -42) - 21 - -10
26
What is 15 - (37 + -10) - (0 - -6) - -4?
-14
Evaluate -65 - ((-27 - -27) + -39).
-26
What is the value of 6190 - 6177 - ((2 - -24) + -1)?
-12
Calculate 28 - (-44 + 88 + -3).
-13
Evaluate -24 + (49 - 158) - (-4 + 10 + -6).
-133
Calculate 2 + (-2 - -14 - ((-9 - 3) + 13) - 77).
-64
What is -1 + 7 + -7 + 21 + -13 + -23?
-16
Calculate -74 - 0 - (5211 + -5355).
70
What is the value of 1329 + -1342 - (25 + 0)?
-38
What is the value of (6 - -30 - 9) + (-15 - -23) + -3?
32
-38 + (115 - -102 - 124)
55
What is the value of -82 + (25 - (-20 + 10 - -1))?
-48
What is -25 - (38 - 72) - -34?
43
Calculate (-22 - (20 + -23 - (3 + (-5 - -7)))) + 78.
64
Calculate 158 + -203 + 151 + 35 + -5.
136
(14 - 0) + -2 + (-51 - (-153 + -32))
146
What is (94 - (32 - (-37 - -40))) + 5 + 2?
72
Evaluate -8 + (-62 - -24) + 43.
-3
What is the value of (18 + 3 - 38) + -6 + -1?
-24
Evaluate (0 - (-1 + 4)) + (-140 - -154) - 94.
-83
What is -162 + 103 + 21 + -70?
-108
What is (43 + -118 - -8) + 42 + 100?
75
(-5 - 1 - (35 - 29)) + (-1 - -9 - 8)
-12
What is the value of (-1 - (2 + 3 + -11)) + -16 - 51?
-62
-12 - ((-39 - -31) + -19 - -45)
-30
Calculate -7 + 4 - 3 - (37 + (4 - 19) + 11).
-39
What is the value of -42 + -5 + -4 + (25 + -8 - 5)?
-39
Evaluate 1 + 5 + (-4 - -14) + -43.
-27
Calculate 13 + -1 - (-75 - -97) - -33.
23
Calculate 3 - -33 - (-7 + -4 + 28 - 8).
27
What is the value of (2 - -5 - -13) + -29 - 64?
-73
Calculate (-9 + (0 - -7) - -27) + -5 + -4.
16
Evaluate (-1 - 3 - 14) + 24 - -23.
29
What is the value of 0 - 57 - (5 - (-21 - (-12 + 3)))?
-74
Evaluate 1 + -12 - (-40 + -31 - (16 + 18)).
94
What is the value of -1 + 29 - (-300 - -321) - (11 - 0)?
-4
What is -41 - (-31 + (-131 - -30 - -16))?
75
What is the value of -1 + -94 + (-6387 - -6455)?
-27
Calculate (10 + -1 - (8 - -1)) + (-1 - 1).
-2
What is 0 + 0 - 40 - (45 - 36) - -11?
-38
4942 - 4930 - (-2 - 2 - (0 + 2 + -16))
2
What is 28 + 20 + -6 + 4 + 1 + -11 + -5?
31
(88 - 88) + 1 + 12 + (-20 - 0)
-7
What is 21 - 33 - (-12 - (-12 + -30)) - -19?
-23
-154 + (60 + -26 - -65)
-55
What is 48 - ((3 - -30 - 13) + (-3 - 4) + -5)?
40
What is (-680 + 654 - (3 + -25)) + 0 + 37?
33
3 - -7 - (-28 - (-22 + 8 - -23))
47
Calculate -4 - ((30 - (-11 + 24 - -25)) + (2 - -10)).
-8
What is (48 - (28 + -9)) + -21?
8
What is the value of 0 + ((-6 + -5 - -7) + 22 + -131 - -7)?
-106
What is 7 + (-29 - (-64 + 115))?
-73
Evaluate (68 - -2) + (6971 - 7147).
-106
Calculate 5 + 38 + -8 + 16 + -7 + -8 - 5.
31
What is the value of -2 - 34 - (-47 - (-14 - (33 - 7)))?
-29
(15 + -6 - -3 - (-19 + 0)) + 5 + -5
31
Calculate (-18 - 37) + 9 - 37.
-83
What is 0 - -7 - 4 - (-796 + 720)?
79
What is the value of -70 + 68 + -35 - (3 + 49)?
-89
Evaluate 94 + -9 + -24 + 50 + -6.
105
Evaluate -50 - -4 - -21 - (-7 + 6).
-24
What is the value of -7 + 13 + (38 - -7)?
51
What is the value of -14 + -21 - (-109 + 76)?
-2
Evaluate -4 - (-1 - -10) - ((-49 - -34) + -58).
60
Evaluate -6 - (10 - -5 - -13) - 61.
-95
139 - 29 - (-77 + (56 - 21))
152
What is the value of 27 - (-15 + 49) - (11 + (13 - 11))?
-20
Calculate -269 + 398 - (3 - (-1 - 29)).
96
43 - (-58 - -13) - 41
47
(-4 - -46) + -432 + 377
-13
Calculate (61 - 